{"version":"1.0","provider_name":"Imago: Terapia en Torrelodones","provider_url":"https:\/\/www.imagopsicologos.com\/nuevaweb","author_name":"admin","author_url":"https:\/\/www.imagopsicologos.com\/nuevaweb\/author\/admin\/","title":"\u00bfESTOY DEPRIMIDA? | Imago: Terapia en Torrelodones","type":"rich","width":600,"height":338,"html":"<blockquote class=\"wp-embedded-content\" data-secret=\"g0nDNAn6mV\"><a href=\"https:\/\/www.imagopsicologos.com\/nuevaweb\/estoy-deprimida\/\">\u00bfESTOY DEPRIMIDA?<\/a><\/blockquote><iframe sandbox=\"allow-scripts\" security=\"restricted\" src=\"https:\/\/www.imagopsicologos.com\/nuevaweb\/estoy-deprimida\/embed\/#?secret=g0nDNAn6mV\" width=\"600\" height=\"338\" title=\"\u00ab\u00bfESTOY DEPRIMIDA?\u00bb \u2014 Imago: Terapia en Torrelodones\" data-secret=\"g0nDNAn6mV\" frameborder=\"0\" marginwidth=\"0\" marginheight=\"0\" scrolling=\"no\" class=\"wp-embedded-content\"><\/iframe><script type=\"text\/javascript\">\n\/* <![CDATA[ *\/\n\/*! This file is auto-generated *\/\n!function(d,l){\"use strict\";l.querySelector&&d.addEventListener&&\"undefined\"!=typeof URL&&(d.wp=d.wp||{},d.wp.receiveEmbedMessage||(d.wp.receiveEmbedMessage=function(e){var t=e.data;if((t||t.secret||t.message||t.value)&&!\/[^a-zA-Z0-9]\/.test(t.secret)){for(var s,r,n,a=l.querySelectorAll('iframe[data-secret=\"'+t.secret+'\"]'),o=l.querySelectorAll('blockquote[data-secret=\"'+t.secret+'\"]'),c=new RegExp(\"^https?:$\",\"i\"),i=0;i<o.length;i++)o[i].style.display=\"none\";for(i=0;i<a.length;i++)s=a[i],e.source===s.contentWindow&&(s.removeAttribute(\"style\"),\"height\"===t.message?(1e3<(r=parseInt(t.value,10))?r=1e3:~~r<200&&(r=200),s.height=r):\"link\"===t.message&&(r=new URL(s.getAttribute(\"src\")),n=new URL(t.value),c.test(n.protocol))&&n.host===r.host&&l.activeElement===s&&(d.top.location.href=t.value))}},d.addEventListener(\"message\",d.wp.receiveEmbedMessage,!1),l.addEventListener(\"DOMContentLoaded\",function(){for(var e,t,s=l.querySelectorAll(\"iframe.wp-embedded-content\"),r=0;r<s.length;r++)(t=(e=s[r]).getAttribute(\"data-secret\"))||(t=Math.random().toString(36).substring(2,12),e.src+=\"#?secret=\"+t,e.setAttribute(\"data-secret\",t)),e.contentWindow.postMessage({message:\"ready\",secret:t},\"*\")},!1)))}(window,document);\n\/\/# sourceURL=https:\/\/www.imagopsicologos.com\/nuevaweb\/wp-includes\/js\/wp-embed.min.js\n\/* ]]> *\/\n<\/script>\n","thumbnail_url":"https:\/\/www.imagopsicologos.com\/nuevaweb\/wp-content\/uploads\/2019\/07\/como-saber-si-estoy-deprimida.png","thumbnail_width":1084,"thumbnail_height":560,"description":"Aunque parezca extra\u00f1o muchas veces las personas que acuden a consulta te preguntan \u00bfEstar\u00e9 deprimido\/a? \u00bfT\u00fa crees que estoy deprimida\/o? De primera impresi\u00f3n todos tenemos en mente lo que es alguien deprimido: falta de ganas, cero energ\u00eda, l\u00e1grimas, aislamiento, estas son algunas de las \u00a0caras t\u00f3picas de la persona deprimida y hablamos de persona deprimida"}

Aunque parezca extraño muchas veces las personas que acuden a consulta te preguntan ¿Estaré deprimido/a? ¿Tú crees que estoy deprimida/o? De primera impresión todos tenemos en mente lo que es alguien deprimido: falta de ganas, cero energía, lágrimas, aislamiento, estas son algunas de las  caras tópicas de la persona deprimida y hablamos de persona deprimida
